hat is the greatest common divisor of y and n?
26
Let q(t) = t**3 - 8*t**2 - 7*t + 39. Let r be q(8). Let i = -1 - r. What is the highest common divisor of i and 48?
16
Let b be (-45)/(-2)*(-16)/(-10). Suppose 12 + 4 = 4*x. Suppose 2*n = -6, 3*t + 43 = -x*n + 193. Calculate the highest common divisor of t and b.
18
Suppose 2*w = -32 + 132. What is the highest common factor of w and 140?
10
Suppose 0*c - 8*c = -704. Calculate the highest common divisor of 110 and c.
22
Let l be 2/5*-9*5. Let z be l/(-81) - 32/(-18). Let i(y) = -2*y**3 - 17*y**2 + 8*y - 7. Let v be i(-9). What is the highest common divisor of z and v?
2
Let m be 3 + 0/1 - -2. Suppose -3*l + 4*a + m = 2, -5*l + 3*a = -16. Calculate the greatest common factor of l and 55.
5
Let q(c) = c**2 - 3*c - 6. Let a = 15 - 9. Let x be q(a). Let w(v) = 2*v**2 + 19*v - 24. Let p be w(-12). Calculate the greatest common factor of p and x.
12
Let d = 30 - 25. Suppose d*n - 2*n = 57. What is the greatest common factor of n and 95?
19
Suppose -4*u = 2*b - 48, -4*u + 54 = -3*b + 2*b. Suppose 21 = x - 0. Let a be (-6)/x + 821/7. Calculate the highest common factor of a and u.
13
Let z be 7/(-14) + 26/4. Let h = -4 + z. Suppose -4*d = n + 15, h*n + 4*d + 35 = 5*n. Calculate the greatest common factor of n and 35.
5
Suppose -5*g + 5*r - 2*r + 2664 = 0, g - 2*r - 537 = 0. What is the highest common factor of g and 59?
59
Suppose -5*h - 48 = -8*h. Let c(r) = 5*r + 46. Let b be c(h). Suppose -15 = -2*l + 13. Calculate the greatest common divisor of l and b.
14
Let n be 3 + 1*(2 - 4) + 5. Calculate the greatest common factor of n and 18.
6
Let v = 54 - 32. Suppose -3*k + 10*k - 77 = 0. What is the highest common factor of k and v?
11
Let n be (-9)/45 + 176/5. Let k be (-2)/8 + 2526/24. Calculate the greatest common factor of n and k.
35
Let c(s) = -41*s**3 - 4*s - 3. Let h be c(-1). What is the highest common factor of h and 147?
21
Let g(a) = a**3 - 19*a**2 + 17*a + 20. Let m be g(18). Suppose 0*o - 2*o - 2*p = -678, 0 = 3*o - m*p - 1002. What is the highest common divisor of o and 48?
48
Suppose p - 5*p = -4. Suppose -r - n = -1, -r + 5 - p = -2*n. What is the highest common divisor of r and 14?
2
Suppose 3*q - 1592 = -1109. Let l be 23/(((-4)/2)/(-2)). Calculate the greatest common divisor of l and q.
23
Let j(g) = -465*g**3 - 2*g**2 - 3*g - 1. Let f be j(-1). What is the greatest common divisor of 15 and f?
15
Let g(p) = 2*p**3 + 0*p**3 + p + p**2 - 4*p**2 + 0*p**2 + 1. Let i be g(4). Suppose 0 = 62*o - 1252 + 198. What is the greatest common divisor of o and i?
17
Suppose x = -3, -8*x + 12*x = 5*w - 22. Calculate the highest common divisor of w and 32.
2
Suppose -8*v + 150 = -3*v. Let k be (-1)/(-2) + 262/(-4). Let d = -55 - k. What is the greatest common factor of d and v?
10
Suppose 0 = 5*y - 3*w - 2703, 45*y - 41*y = 2*w + 2162. Calculate the greatest common divisor of 80 and y.
20
Suppose -4*x - 3*p + 817 = 0, -2*p - 420 = -4*x + 402. What is the greatest common factor of x and 123?
41
Let n be -3*4*1/12. Let r be 3*(n + -3) + -1. Let q(z) = -z**2 - 12*z + 14. Let v be q(r). Calculate the greatest common factor of 1 and v.
1
Let i be 622/18 - (-4)/9. What is the highest common factor of i and 945?
35
Let m(r) = -18*r - 28. Let q be m(-2). What is the highest common divisor of 424 and q?
8
Let n = -3 + 5. Let h(v) = 3*v + 2. Let l be h(2). What is the highest common divisor of n and l?
2
Suppose 0 = -4*z + 3*z - 2, -2*z + 60 = 4*v. Suppose -2*t - 78 = -0*g - g, -3*t - 157 = -2*g. What is the highest common divisor of g and v?
16
Suppose -9*s + 4*m = -12*s + 326, 92 = s - 2*m. Calculate the highest common divisor of 51 and s.
51
Suppose 0 = 4*t - s - 363, -13*t + 12*t = -2*s - 96. What is the highest common factor of t and 18?
18
Let o be 800/(-320)*16/(-10). Let z(r) = 4*r**2 + 2*r. Let y be z(2). What is the greatest common factor of o and y?
4
Let n = -21 - -11. Let a = n - -42. Suppose 4*m = -0*m, -m = -z + a. What is the highest common factor of 16 and z?
16
Suppose 5*b - z = 584, 0 = 2*b + 3*b - 3*z - 592. What is the highest common divisor of 29 and b?
29
Let h(w) = 6*w**3 + 9*w**2 - 6*w - 6. Let j be h(2). Calculate the greatest common factor of j and 12.
6
Let w(c) = 2*c + 31. Let o be -17 - (-9)/((-45)/(-10)). Let l be w(o). Calculate the greatest common factor of 11 and l.
1
Let j be (-6)/(-3)*(-8)/(-32)*30. Calculate the highest common factor of 165 and j.
15
Let i(y) = 3*y**2 + 1 - y + 6*y - 5. Let h be i(-4). Suppose -2*g = -8, -3*u - 5*g = u - 116. What is the greatest common divisor of u and h?
24
Suppose 23*j - 19*j - 24 = 0. Suppose -j*o - 28 = -4*w - 2*o, -2*o - 28 = -4*w. Calculate the greatest common divisor of w and 28.
7
Let b be (-665)/(-13) + ((-36)/26)/9. Suppose -2*w = -w - 204. What is the highest common divisor of w and b?
51
Suppose 5*u - 3*p + 66 = -p, -4*u = -2*p + 54. Let y be (-52)/u - 4/(-6). Calculate the highest common factor of y and 40.
5
Let m be 3 - (-4 + 4 + 0). Suppose 4*y - 71 = m*x, 3*y + x - 23 = 2*y. What is the greatest common divisor of 30 and y?
10
Let p be 1/(-6 - 4228/(-1408)*2). Calculate the highest common divisor of p and 80.
16
Let h be 7/(294/357) + 2/4. What is the greatest common divisor of 369 and h?
9
Let j(v) = v**3 - 3*v**3 + 3*v**3 - 16 + 15*v**2. Let m be j(-14). Calculate the greatest common divisor of 20 and m.
20
Let d be 0/((-2)/((-2)/(-1))). Suppose d = 8*y - 27 - 45. Let v = 17 - y. What is the highest common factor of 1 and v?
1
Let j(b) = 2*b + 44. Let l be j(-21). Suppose 0 = 2*s - c - c - 46, -l*s - 3*c = -21. Calculate the greatest common divisor of s and 72.
18
Suppose -4*j + 284 = -4*w, -j + 64 - 3 = w. What is the greatest common factor of 198 and j?
66
Suppose 3*i + 165 = 4*u, -3*i + 7*i = 2*u - 90. Let z = u + -30. Suppose 3*v + v - 144 = 0. What is the greatest common divisor of z and v?
9
Suppose 2*g - 2*v = 272, g + 4*v - 680 = -4*g. Let b be ((-4 - 20/5) + 3)*986/(-290). Calculate the highest common factor of g and b.
17
Let d = 293 - 247. Calculate the highest common factor of d and 138.
46
Let c = 207 + -141. Calculate the highest common divisor of 12 and c.
6
Suppose -159*k = -113*k - 3864. Calculate the greatest common factor of k and 532.
28
Suppose 0*d - 4*d = -1056. Let l = 22 + -22. Suppose l = -i, 5*g - 3*g - 48 = i. What is the greatest common factor of g and d?
24
Let v(u) = -u**2 + 9. Let z be v(0). Let o be (1/2)/(z/540). Suppose 3*w - n + 5*n = 802, 5*w - 3*n - 1356 = 0. Calculate the highest common divisor of o and w.
30
Suppose -180 = -2*t + 20. Calculate the highest common factor of t and 75.
25
Let j(p) = -79*p - 2. Let k be j(-2). Let n be -27*((-360)/81 - -4). What is the highest common divisor of k and n?
12
Let l(k) = -k**2 - 6*k - 6. Let a be l(-4). Let n be 117/27 - (2/6 + -1). Suppose -a*r = t + 2, t + r = n - 4. Calculate the greatest common divisor of t and 4.
4
Let q be (1 + -1 + 1)*(-351 - -4). Let l = -182 - q. What is the greatest common divisor of 15 and l?
15
Let i be (-1)/(-5) + 648/10. Let f be 3/2*7/(84/16). Suppose -88 = -5*q + 2*q + 2*v, -2*v - 62 = -f*q. What is the greatest common factor of q and i?
13
Let t be (-2)/4*(-396)/3. Let c = t - -6. Suppose -4*x - 2*l = -22, 0*x - 5*l = -4*x + 57. Calculate the greatest common divisor of c and x.
8
Let f = -75 + 141. Suppose -v - 4*a - 54 = -4*v, 5*v - 98 = 4*a. What is the highest common factor of f and v?
22
Let d(k) = -22*k**2 - 2. Let l be d(-2). Let b be (56/84)/(156/81 - 2). Let z = b - l. What is the greatest common divisor of 9 and z?
9
Suppose 0 = 4*y, -4*k - 3*y = -58 - 102. Suppose a = 2*c - 15, -11 + 31 = 3*c - 2*a. Calculate the highest common divisor of k and c.
10
Suppose 5*t - 5*g - 25 = 0, 5*t = 4*g - 6*g + 4. Suppose 3*f - 38 = -h + t*h, 5*f = 5*h + 80. What is the greatest common divisor of 22 and f?
11
Let w(u) = -26*u. Let t be w(-3). Suppose -187 = -5*k + t. Let c = k - 34. Calculate the highest common factor of c and 76.
19
Suppose -6*i - 3*i + i = 0. Suppose i = 7*q + 2*q - 702. Calculate the greatest common divisor of 52 and q.
26
Let r(a) = a - 19. Let u be r(26). Suppose 4*t + 2*q - 122 = u*q, t - 5*q = 38. Calculate the highest common divisor of 252 and t.
28
Let c be (-3)/12 - 53/(-4). Suppose -2*